{"id":6661,"date":"2023-04-16T19:30:37","date_gmt":"2023-04-16T17:30:37","guid":{"rendered":"https:\/\/lbgkennel.se\/?page_id=6661"},"modified":"2023-04-24T10:43:02","modified_gmt":"2023-04-24T08:43:02","slug":"att-kopa-valp","status":"publish","type":"page","link":"https:\/\/lbgkennel.se\/index.php\/att-kopa-valp\/","title":{"rendered":"Att k\u00f6pa valp"},"content":{"rendered":"\n<p>\u00c4r du intresserad av att k\u00f6pa valp fr\u00e5n Landbog\u00e5rd?<br><\/p>\n\n\n\n<p>Du b\u00f6rjar med att ringa 0709606465 eller s\u00e5 skickar du ett Mail, (annliedberg@hotmail.com) d\u00e4r du ber\u00e4ttar lite om dig, din familj och vad du kan erbjuda en valp\/hund f\u00f6r liv med dig\/er.<\/p>\n\n\n\n<p>N\u00e4r vi haft kontakt och vi b\u00e5da \u00e4r \u00f6verens och ni vill boka en valp, swicha ni en bokningsavgift p\u00e5 1000kr.<\/p>\n\n\n\n<p>N\u00e4r valpen \u00e4r 5 veckor \u00e4r ni v\u00e4lkomna att h\u00e4lsa p\u00e5 valpen.<br>N\u00e4r vi har tr\u00e4ffats, ni tr\u00e4ffat valparna och v\u00e5ra hundar, \u00e4r det dags att best\u00e4mma om ni fortfarande \u00e4r intresserad av en valp fr\u00e5n oss.<\/p>\n\n\n\n<p>V\u00e4ljer ni en valp fr\u00e5n Landbog\u00e5rd betalar ni en handpenning p\u00e5 5000 kr (1000 +4000). <br>V\u00e4ljer ni att avst\u00e5 fr\u00e5n valp s\u00e5 f\u00e5r ni tillbaka bokningsavgiften.<\/p>\n\n\n\n<p><strong>V\u00e5ra valpar<\/strong><\/p>\n\n\n\n<p>N\u00e4r det \u00e4r dags f\u00f6r v\u00e5ra valpar att flytta \u00e4r de <\/p>\n\n\n\n<p>veterin\u00e4rbesiktigade.<\/p>\n\n\n\n<p>Vaccinerade och chippm\u00e4rkta<\/p>\n\n\n\n<p>doldafelf\u00f6rs\u00e4krade i Agria<\/p>\n\n\n\n<p>varje valp har en individuell f\u00f6rs\u00e4kring i Agria<\/p>\n\n\n\n<p>avmaskade 3 g\u00e5nger<\/p>\n\n\n\n<p>klorna klippta flera g\u00e5nger<\/p>\n\n\n\n<p>vana vid att vara ute<\/p>\n\n\n\n<p>socialiseringen p\u00e5b\u00f6rjad<\/p>\n\n\n\n<p>\u00e5kt bil <\/p>\n\n\n\n<p>uppf\u00f6dda p\u00e5 kvalitetsfoder fr\u00e5n Royal Canin<\/p>\n\n\n\n<figure class=\"wp-block-gallery has-nested-images columns-default is-cropped wp-block-gallery-1 is-layout-flex wp-block-gallery-is-layout-flex\">\n<figure class=\"wp-block-image size-large\"><img loading=\"lazy\" decoding=\"async\" width=\"1024\" height=\"768\" data-id=\"6678\" src=\"https:\/\/lbgkennel.se\/wp-content\/uploads\/2023\/04\/1BAAAD4A-0F3A-48FB-BBF1-1FBF9E682891-1024x768.jpeg\" alt=\"\" class=\"wp-image-6678\" srcset=\"https:\/\/lbgkennel.se\/wp-content\/uploads\/2023\/04\/1BAAAD4A-0F3A-48FB-BBF1-1FBF9E682891-1024x768.jpeg 1024w, https:\/\/lbgkennel.se\/wp-content\/uploads\/2023\/04\/1BAAAD4A-0F3A-48FB-BBF1-1FBF9E682891-300x225.jpeg 300w, https:\/\/lbgkennel.se\/wp-content\/uploads\/2023\/04\/1BAAAD4A-0F3A-48FB-BBF1-1FBF9E682891-768x576.jpeg 768w, https:\/\/lbgkennel.se\/wp-content\/uploads\/2023\/04\/1BAAAD4A-0F3A-48FB-BBF1-1FBF9E682891-1536x1152.jpeg 1536w, https:\/\/lbgkennel.se\/wp-content\/uploads\/2023\/04\/1BAAAD4A-0F3A-48FB-BBF1-1FBF9E682891-2048x1536.jpeg 2048w, https:\/\/lbgkennel.se\/wp-content\/uploads\/2023\/04\/1BAAAD4A-0F3A-48FB-BBF1-1FBF9E682891-2000x1500.jpeg 2000w\" sizes=\"auto, (max-width: 1024px) 100vw, 1024px\" \/><\/figure>\n<\/figure>\n\n\n\n<p><\/p>\n\n\n\n<figure class=\"wp-block-gallery has-nested-images columns-default is-cropped wp-block-gallery-2 is-layout-flex wp-block-gallery-is-layout-flex\">\n<figure class=\"wp-block-image size-large\"><img loading=\"lazy\" decoding=\"async\" width=\"768\" height=\"1024\" data-id=\"6679\" src=\"https:\/\/lbgkennel.se\/wp-content\/uploads\/2023\/04\/FFF1D2AE-DC47-4D23-8E9A-CAAB83211C8B-768x1024.jpeg\" alt=\"\" class=\"wp-image-6679\" srcset=\"https:\/\/lbgkennel.se\/wp-content\/uploads\/2023\/04\/FFF1D2AE-DC47-4D23-8E9A-CAAB83211C8B-768x1024.jpeg 768w, https:\/\/lbgkennel.se\/wp-content\/uploads\/2023\/04\/FFF1D2AE-DC47-4D23-8E9A-CAAB83211C8B-225x300.jpeg 225w, https:\/\/lbgkennel.se\/wp-content\/uploads\/2023\/04\/FFF1D2AE-DC47-4D23-8E9A-CAAB83211C8B-1152x1536.jpeg 1152w, https:\/\/lbgkennel.se\/wp-content\/uploads\/2023\/04\/FFF1D2AE-DC47-4D23-8E9A-CAAB83211C8B-1536x2048.jpeg 1536w, https:\/\/lbgkennel.se\/wp-content\/uploads\/2023\/04\/FFF1D2AE-DC47-4D23-8E9A-CAAB83211C8B-2000x2667.jpeg 2000w, https:\/\/lbgkennel.se\/wp-content\/uploads\/2023\/04\/FFF1D2AE-DC47-4D23-8E9A-CAAB83211C8B-scaled.jpeg 1920w\" sizes=\"auto, (max-width: 768px) 100vw, 768px\" \/><\/figure>\n<\/figure>\n\n\n\n<figure class=\"wp-block-image size-large is-resized\"><img loading=\"lazy\" decoding=\"async\" src=\"https:\/\/lbgkennel.se\/wp-content\/uploads\/2023\/04\/19ADFA65-741B-4E9E-9420-F13887ACC8B5-768x1024.jpeg\" alt=\"\" class=\"wp-image-6680\" width=\"768\" height=\"1024\" srcset=\"https:\/\/lbgkennel.se\/wp-content\/uploads\/2023\/04\/19ADFA65-741B-4E9E-9420-F13887ACC8B5-768x1024.jpeg 768w, https:\/\/lbgkennel.se\/wp-content\/uploads\/2023\/04\/19ADFA65-741B-4E9E-9420-F13887ACC8B5-225x300.jpeg 225w, https:\/\/lbgkennel.se\/wp-content\/uploads\/2023\/04\/19ADFA65-741B-4E9E-9420-F13887ACC8B5-1152x1536.jpeg 1152w, https:\/\/lbgkennel.se\/wp-content\/uploads\/2023\/04\/19ADFA65-741B-4E9E-9420-F13887ACC8B5-1536x2048.jpeg 1536w, https:\/\/lbgkennel.se\/wp-content\/uploads\/2023\/04\/19ADFA65-741B-4E9E-9420-F13887ACC8B5-2000x2667.jpeg 2000w, https:\/\/lbgkennel.se\/wp-content\/uploads\/2023\/04\/19ADFA65-741B-4E9E-9420-F13887ACC8B5-scaled.jpeg 1920w\" sizes=\"auto, (max-width: 768px) 100vw, 768px\" \/><\/figure>\n\n\n\n<figure class=\"wp-block-image size-large\"><img loading=\"lazy\" decoding=\"async\" width=\"768\" height=\"1024\" src=\"https:\/\/lbgkennel.se\/wp-content\/uploads\/2023\/04\/B94493C8-E3F4-4CA0-ABF4-0A26AB1C640B-768x1024.jpeg\" alt=\"\" class=\"wp-image-6681\" srcset=\"https:\/\/lbgkennel.se\/wp-content\/uploads\/2023\/04\/B94493C8-E3F4-4CA0-ABF4-0A26AB1C640B-768x1024.jpeg 768w, https:\/\/lbgkennel.se\/wp-content\/uploads\/2023\/04\/B94493C8-E3F4-4CA0-ABF4-0A26AB1C640B-225x300.jpeg 225w, https:\/\/lbgkennel.se\/wp-content\/uploads\/2023\/04\/B94493C8-E3F4-4CA0-ABF4-0A26AB1C640B-1152x1536.jpeg 1152w, https:\/\/lbgkennel.se\/wp-content\/uploads\/2023\/04\/B94493C8-E3F4-4CA0-ABF4-0A26AB1C640B-1536x2048.jpeg 1536w, https:\/\/lbgkennel.se\/wp-content\/uploads\/2023\/04\/B94493C8-E3F4-4CA0-ABF4-0A26AB1C640B-2000x2667.jpeg 2000w, https:\/\/lbgkennel.se\/wp-content\/uploads\/2023\/04\/B94493C8-E3F4-4CA0-ABF4-0A26AB1C640B-scaled.jpeg 1920w\" sizes=\"auto, (max-width: 768px) 100vw, 768px\" \/><\/figure>\n","protected":false},"excerpt":{"rendered":"<p>\u00c4r du intresserad av att k\u00f6pa valp fr\u00e5n Landbog\u00e5rd? Du b\u00f6rjar med att ringa 0709606465 eller s\u00e5 skickar du ett Mail, (annliedberg@hotmail.com) d\u00e4r du ber\u00e4ttar lite om dig, din familj och vad du kan erbjuda en valp\/hund f\u00f6r liv med dig\/er. N\u00e4r vi haft kontakt och vi b\u00e5da \u00e4r \u00f6verens och ni vill boka en &hellip; <\/p>\n<p class=\"link-more\"><a href=\"https:\/\/lbgkennel.se\/index.php\/att-kopa-valp\/\" class=\"more-link\">L\u00e4s mer<span class=\"screen-reader-text\"> \u201dAtt k\u00f6pa valp\u201d<\/span><\/a><\/p>\n","protected":false},"author":1,"featured_media":0,"parent":0,"menu_order":0,"comment_status":"closed","ping_status":"closed","template":"","meta":{"footnotes":""},"class_list":["post-6661","page","type-page","status-publish","hentry"],"_links":{"self":[{"href":"https:\/\/lbgkennel.se\/index.php\/wp-json\/wp\/v2\/pages\/6661","targetHints":{"allow":["GET"]}}],"collection":[{"href":"https:\/\/lbgkennel.se\/index.php\/wp-json\/wp\/v2\/pages"}],"about":[{"href":"https:\/\/lbgkennel.se\/index.php\/wp-json\/wp\/v2\/types\/page"}],"author":[{"embeddable":true,"href":"https:\/\/lbgkennel.se\/index.php\/wp-json\/wp\/v2\/users\/1"}],"replies":[{"embeddable":true,"href":"https:\/\/lbgkennel.se\/index.php\/wp-json\/wp\/v2\/comments?post=6661"}],"version-history":[{"count":4,"href":"https:\/\/lbgkennel.se\/index.php\/wp-json\/wp\/v2\/pages\/6661\/revisions"}],"predecessor-version":[{"id":6724,"href":"https:\/\/lbgkennel.se\/index.php\/wp-json\/wp\/v2\/pages\/6661\/revisions\/6724"}],"wp:attachment":[{"href":"https:\/\/lbgkennel.se\/index.php\/wp-json\/wp\/v2\/media?parent=6661"}],"curies":[{"name":"wp","href":"https:\/\/api.w.org\/{rel}","templated":true}]}}